me?
True
Let y(s) = 7*s**3 - 6*s**2 - 13 + 10*s - 6 + 35*s. Is y(8) prime?
True
Let a = -93 - -95. Suppose 1 - 3 = -3*t + m, 0 = 5*t - a*m - 3. Is t/(-6) - 152677/(-42) a prime number?
False
Let u(n) = -5*n**2 - 2*n + 53. Let g(l) = -6*l**2 - 2*l + 52. Let w(c) = -6*g(c) + 7*u(c). Is w(-22) a prime number?
True
Suppose -2*k + 37377 = 5*c, 4*k - 26*c = -27*c + 74799. Is k composite?
False
Suppose -10 = -5*w + 10. Let t be (-19)/(-7) - 3*w/(-42). Suppose 2*b - 4*b + 1400 = t*n, 4*n = -5*b + 3507. Is b composite?
True
Is ((-12)/60*1/1)/((-3)/5179605) prime?
True
Let k(c) = -c**3 + 4*c**2 + c - 52. Let y be k(0). Is (47307/y)/((-3)/76) composite?
True
Let h(k) = 9*k**2 + k + 2. Let z be h(-1). Let a(c) = 3*c + 3*c - 21 + 4*c - 2*c. Is a(z) composite?
False
Let p(k) = -616*k - 4. Let j(g) = 1227*g + 8. Let v(n) = -3*j(n) - 5*p(n). Is v(-3) prime?
False
Let c = -85187 + 150976. Is c prime?
True
Let g = -20532 - -10790. Let a = 5245 - g. Is a composite?
True
Let d(z) = z**3 + 4*z**2 - 6*z + 5. Suppose -i = -5*h - 28, h + 12 + 8 = 5*i. Let r be d(h). Is (-8)/r + (-6414)/(-30) a prime number?
False
Suppose -3*i + 8*i = -5*r + 711799 + 326296, 0 = -4*i. Is r prime?
True
Let s = -318 + 336. Suppose 0 = 4*m - 3*f - 20594, 5*f + s = 8. Is m composite?
False
Let l(c) = -9 - c - c**2 + 6*c + 0*c**2. Let s be l(3). Is 10/15 + (-316)/s composite?
True
Suppose -14 = -2*h - 4*c, 0 = -h - 3*h - 2*c + 22. Suppose -h*d + 8365 = -3*w, 2*d + 4*w - 3346 = 2*w. Let o = d + -1156. Is o a composite number?
True
Let v(d) = 103*d - 28. Let q be (-30 + 20)*(-1)/(5/4). Suppose -q*l = -26 - 14. Is v(l) a composite number?
False
Let t(w) = 56153*w + 4019. Is t(10) a prime number?
True
Is ((-50)/(-15))/(-10) + (-2218788)/(-27) a prime number?
False
Let u = 57 - 52. Suppose 4*b + u*k - 1348 = 0, b - 3*k = 420 - 83. Is b prime?
True
Let q be ((-696)/20 - 6) + 1/(-5). Let x = q + 44. Suppose -x*w - 98 = -743. Is w prime?
False
Suppose -j - 2*s + 191175 = 0, -5*j + 955867 = -3*s + 5*s. Is j a prime number?
True
Let y(c) = c**3 + 80*c**2 + 55*c + 3. Is y(-60) composite?
True
Suppose 3*b = -2*v + 913573, -15*b = -5*v - 20*b + 2283940. Is v prime?
True
Suppose -3*g = -4*h + 32498, -5*g = -257*h + 256*h + 8133. Is h prime?
True
Let q(z) be the first derivative of 73*z**3/3 + 7*z**2 + 14*z + 19. Is q(-7) a composite number?
True
Let x be (6 + -1 + -6)*16351. Let u = 28802 + x. Is u a composite number?
False
Let r(b) = 45*b + 16. Let s(d) be the third derivative of d**4/24 + 7*d**3/6 - 17*d**2. Let i be s(0). Is r(i) a composite number?
False
Suppose 3*g - 12114548 = -5*t - 4063645, 9*g = 3*t + 24152565. Is g composite?
False
Suppose 5*v = 3*c + 3*v - 6, 4*c + v - 8 = 0. Suppose -a = -c*i - 6347, 0 = 3*a + i - 5328 - 13720. Is a a composite number?
True
Let q = 66 + -62. Suppose 0 = q*x - 25622 - 7174. Suppose -19*y + x = -10*y. Is y a composite number?
False
Let k be (-12)/16*(-32)/12. Let j = 59 - 48. Suppose k*v = j*v - 495. Is v prime?
False
Let p(g) = 8834*g - 807. Is p(13) a composite number?
True
Let d = 149 - 157. Let o(n) = -112*n + 23. Is o(d) composite?
False
Is ((-40)/(-65))/4 - (-11 - (-3169130)/(-65)) prime?
True
Let h(y) = -3*y + 41. Let a be h(13). Suppose -4*v + 5*d + 18837 = -1395, a*v + 5*d = 10086. Is v a prime number?
False
Let t be 8/(1/(-20)*-5). Let m = -12 - t. Let b = 81 + m. Is b composite?
False
Let n = -62 - -64. Suppose -n*g - j = -1 + 2, -5*g = 2*j + 2. Suppose g = -3*o - 1 + 58. Is o prime?
True
Suppose 268*m + 3*u - 164391 = 265*m, 7*m = -u + 383579. Is m a composite number?
True
Suppose v = b + 665, v - 3*b + 6*b = 657. Let i be (-6)/(-5)*780/(-9). Let f = v + i. Is f prime?
False
Let m = 520456 + -237743. Is m prime?
True
Let b(k) = -k**3 - 13*k**2 - 14*k - 22. Suppose 6*n + 72 = -0*n. Let o be b(n). Suppose -2*z = -2*t - o - 46, -76 = -3*z + 5*t. Is z a composite number?
True
Let l(w) = 317*w + 1280. Is l(9) prime?
True
Let o(f) = -1215*f - 1327. Is o(-6) a prime number?
False
Let c(d) be the second derivative of d**6/120 - d**5/6 + d**4/6 + 2*d**3 + 7*d**2/2 - 6*d. Let w(l) be the first derivative of c(l). Is w(13) prime?
True
Let g(h) = -h**3 + 85*h**2 + 67*h - 98. Is g(-39) a composite number?
False
Let z(f) = -f**2 - 27*f - 19. Let l be z(-26). Is ((-14386)/4)/(l + 15/(-2)) composite?
False
Suppose 60*l - 45*l - 75 = 0. Is 5/(l/(-6406))*(-4)/8 a prime number?
True
Let n(l) be the second derivative of 20*l**5 - l**4/12 + l**3 - 3*l**2 + 17*l. Is n(2) a composite number?
True
Let n(u) = 9058*u - 5721. Is n(34) composite?
True
Let t be 1/2*(-4 + 4). Suppose -q = -2 - t. Suppose -q*r + 509 = 3*n - 1156, -2497 = -3*r - 4*n. Is r composite?
True
Let s(p) = 5*p**2 - 11*p - 13. Suppose 3*i = 11 + 22. Is s(i) a composite number?
True
Suppose 0 = 2*j - 7*j, -2*t - 2*j + 24 = 0. Let z(f) = f**3 - 13*f**2 + 14*f - 29. Let v be z(t). Is 3676/10*v/(-2) a prime number?
True
Let i(o) = 4103*o**3 - 17745*o**3 - 1706 + 4*o - 2*o**2 + 1711. Is i(-1) prime?
False
Let t = 25 - 20. Let x(j) = -j**3 + 3*j**2 + 11*j. Let w be x(t). Suppose -w*l + 887 = 3*g, -810 = -3*g + 3*l + 45. Is g prime?
False
Suppose u = 4*w - 7414, -u = 4*w - 4*u - 7410. Suppose 4*m = 9*c - 7*c - w, -3*c - 2*m = -2749. Is c a composite number?
False
Let s = 131611 + -71256. Is s a prime number?
False
Let i(d) = 1237*d - 568. Is i(23) a prime number?
True
Let f(j) be the first derivative of j**4/2 + 13*j**3/3 - 8*j**2 + 3*j - 3. Is f(10) composite?
True
Suppose -81 = -3*u + 3*t, 3*u + 2*t + 34 = 110. Suppose u*i - 238282 = 4*i. Is i composite?
False
Let p = -425 + 230. Let y = -295 - -239. Let i = y - p. Is i a composite number?
False
Let x(y) = y + 9. Let c be x(9). Let r(t) = -2*t + 55. Let w be r(c). Suppose 3*z + 928 = w*z. Is z composite?
True
Let k be (5/(-2))/(65/(-468)). Is -15 + k - -979*2 a composite number?
True
Let v be -21 + 6 + 3/(-1). Let y = 23 + v. Suppose 0 = 3*z + 4*g - 1190 - 3049, y*z - 3*g = 7036. Is z a composite number?
False
Let y = 431 - 379. Is (-8)/y - (5 + 1171730/(-91)) a composite number?
True
Suppose 0 = -5*o + 5*f + 1964240, -13*f = -o - 8*f + 392844. Is o a composite number?
False
Let j(t) = t**3 - 5*t**2 - 7*t + 35. Let r be j(5). Suppose 0*d - 5*d = 2*h - 7824, r = -5*h - 15. Let b = 421 + d. Is b composite?
False
Let a(v) = -v**2 - 24*v + 9. Let y(s) = 6*s**2 - 18*s - 5. Let z(i) = -5*i**2 + 17*i + 6. Let k(o) = -4*y(o) - 5*z(o). Let f be k(13). Is a(f) a prime number?
True
Suppose 5*q - a = 183, -2*q - a = -6*q + 146. Suppose q*o = 50*o - 21437. Is o a composite number?
True
Let g be (-3 - (-261)/27)*(-327)/(-2). Suppose -1477 = -l + g. Is l composite?
True
Let z = -20872 - -153911. Is z composite?
False
Suppose 57*g = 100*g + 374*g - 167518074. Is g prime?
False
Let i = 42 + -42. Suppose -34*t + 35*t - 24 = i. Is (56/t)/((-2)/(-942)) a composite number?
True
Let k = -10120 - -6182. Let y = k - -7625. Is y a prime number?
False
Let b be (3/4)/(21/140). Suppose i + 3*p = 2664, b*i - 4*i = -p + 2674. Suppose 4*h + 2*d = 3010, -d - i = -3*h - 429. Is h prime?
True
Suppose -2*i - 2*i = 0. Suppose 34*b - 232 = -24*b. Suppose g - 570 + 36 = -b*h, -h + 4*g + 125 = i. Is h composite?
True
Let c(m) = 5*m**2 + 6*m - 46. Let i be c(-8). Suppose h + 2*o - i - 443 = 0, -3*h + 2*o = -2023. Is h a composite number?
False
Let s(d) = 9*d + 10. Let z be (-16)/(-88) + 185/11. Let x be s(z). Let j = x - -40. Is j a prime number?
False
Let g = 334 - 299. Is (-21)/g*-5 - -274*47 composite?
True
Let y(v) = -37*v**3 + 11*v**2 + 27*v + 11. Let s be y(-5). Suppose -s + 787 = -n. Is n a composite number?
False
Let s(t) = 3*t - 4. Let p be s(3). Suppose p*o - 8098 = -2453. Let f = 2322 - o. Is f prime?
True
Is (1 + -1 + -3 + 5)/((-26)/(-1085123)) a composite number?
False
Suppose 53 - 23 = -5*d. Let c(m) = -m**3 - 6*m**2 + m + 8. Let n be c(d). Is (7/n)/(1 + 921/(-922)) composite?
True
Suppose 0 = 3*w + 12, 45*w + 39 = 3*k + 42*w. Suppose 0 = -k*q + 16*q - 37667. Is q composite?
False
Suppose -163292 = 2*f - 5*g - 1747526, -3*f - g = -2376283. Is f prime?
False
Let s(v) = 6*v + 955. Suppose 0 = -4*g + 16, b + 2*g - 1 = 4. Let i be 0*3*b/(-9). Is s(i) a composite number?
True
Let y be ((-3)/6)/((-2)/16). Suppose 0 = -5*a - 4*g + 39, -y*a + 3*g - 10 = -6*a. Is (a + -15)*(-62)/8 composit